t of 1765276140?
7
What is the tens digit of 101463646?
4
What is the tens digit of 3019607732?
3
What is the ten thousands digit of 35045958?
4
What is the ten millions digit of 260363715?
6
What is the tens digit of 34729255?
5
What is the thousands digit of 71043038?
3
What is the tens digit of 18429565?
6
What is the ten millions digit of 13902815?
1
What is the units digit of 27836763?
3
What is the billions digit of 2607986770?
2
What is the thousands digit of 118838356?
8
What is the ten thousands digit of 91962093?
6
What is the ten millions digit of 206211366?
0
What is the ten millions digit of 196400456?
9
What is the hundreds digit of 1593155404?
4
What is the ten thousands digit of 81460709?
6
What is the millions digit of 87189857?
7
What is the hundred millions digit of 539395480?
5
What is the tens digit of 27251352?
5
What is the hundred millions digit of 826552226?
8
What is the hundreds digit of 61268527?
5
What is the units digit of 448942256?
6
What is the millions digit of 195016170?
5
What is the hundreds digit of 2272003248?
2
What is the units digit of 215975001?
1
What is the thousands digit of 37326725?
6
What is the units digit of 939500019?
9
What is the tens digit of 366116?
1
What is the thousands digit of 247570203?
0
What is the hundreds digit of 2877475?
4
What is the thousands digit of 231310554?
0
What is the thousands digit of 22417938?
7
What is the hundred millions digit of 2557650831?
5
What is the hundred millions digit of 110466377?
1
What is the units digit of 226488772?
2
What is the millions digit of 46172692?
6
What is the tens digit of 19957086?
8
What is the thousands digit of 275501547?
1
What is the ten millions digit of 97343570?
9
What is the millions digit of 6775824010?
5
What is the millions digit of 4516201194?
6
What is the hundreds digit of 4641943537?
5
What is the units digit of 18784039?
9
What is the hundreds digit of 214812436?
4
What is the hundred thousands digit of 790682539?
6
What is the ten millions digit of 39319566?
3
What is the ten millions digit of 92708880?
9
What is the ten millions digit of 32340802?
3
What is the hundreds digit of 2214328132?
1
What is the ten millions digit of 124370261?
2
What is the hundred thousands digit of 2600551365?
5
What is the thousands digit of 1337422876?
2
What is the units digit of 8205822923?
3
What is the thousands digit of 78071422?
1
What is the tens digit of 143609123?
2
What is the ten thousands digit of 322628801?
2
What is the millions digit of 62899716?
2
What is the thousands digit of 117749844?
9
What is the ten millions digit of 38661377?
3
What is the hundred thousands digit of 38901815?
9
What is the ten millions digit of 2520661689?
2
What is the ten thousands digit of 4793720834?
2
What is the tens digit of 247821375?
7
What is the ten thousands digit of 13103991?
0
What is the hundreds digit of 252974019?
0
What is the hundred thousands digit of 159963030?
9
What is the hundred millions digit of 394691689?
3
What is the thousands digit of 87626976?
6
What is the hundreds digit of 8413884?
8
What is the hundred thousands digit of 71874535?
8
What is the ten thousands digit of 51307388?
0
What is the hundreds digit of 18780312?
3
What is the units digit of 20782950?
0
What is the millions digit of 106142532?
6
What is the ten thousands digit of 1126693879?
9
What is the hundred millions digit of 788379889?
7
What is the ten millions digit of 575796235?
7
What is the hundred thousands digit of 63021631?
0
What is the tens digit of 3646150312?
1
What is the ten thousands digit of 5686467283?
6
What is the units digit of 244499274?
4
What is the hundred millions digit of 1151752420?
1
What is the thousands digit of 59529987?
9
What is the hundred thousands digit of 90008287?
0
What is the units digit of 82758214?
4
What is the hundred millions digit of 879322121?
8
What is the hundred thousands digit of 8238257129?
2
What is the ten thousands digit of 839313398?
1
What is the ten thousands digit of 6392864803?
6
What is the ten thousands digit of 27389063?
8
What is the units digit of 5910291723?
3
What is the ten millions digit of 2713885599?
1
What is the hundred millions digit of 404082061?
4
What is the hundreds digit of 92361884?
8
What is the units digit of 33257243?
3
What is the hundred thousands digit of 88905687?
9
What is the millions digit of 37036398?
7
What is the ten thousands digit of 28526761?
2
What is the millions digit of 2439878246?
9
What is the hundreds digit of 205613559?
5
What is the units digit of 2879253?
3
What is the hundred thousands digit of 671310891?
3
What is the ten millions digit of 269684877?
6
What is the billions digit of 4344360030?
4
What is the hundreds digit of 235918453?
4
What is the ten thousands digit of 1059244443?
4
What is the ten thousands digit of 40277201?
7
What is the ten millions digit of 4476453672?
7
What is the hundred thousands digit of 5002330?
0
What is the hundred millions digit of 2131540080?
1
What is the hundred thousands digit of 1414655751?
6
What is the hundred thousands digit of 4428875?
4
What is the thousands digit of 244905757?
5
What is the thousands digit of 449853553?
3
What is the millions digit of 114916815?
4
What is the billions digit of 1359005398?
1
What is the tens digit of 69513237?
3
What is the tens digit of 241488694?
9
What is the units digit of 1232087319?
9
What is the millions digit of 236370913?
6
What is the ten millions digit of 34249290?
3
What is the hundred thousands digit of 296717291?
7
What is the ten millions digit of 99826957?
9
What is the units digit of 3253579901?
1
What is the ten millions digit of 2142862001?
4
What is the millions digit of 1625626463?
5
What is the ten millions digit of 448773822?
4
What is the units digit of 107129933?
3
What is the hundred millions digit of 2760027733?
7
What is the millions digit of 115424421?
5
What is the units digit of 78145596?
6
What is the hundreds digit of 70629129?
1
What is the ten thousands digit of 8545678?
4
What is the hundred millions digit of 833123872?
8
What is the ten millions digit of 15517129?
1
What is the tens digit of 281665429?
2
What is the ten thousands digit of 2544881882?
8
What is the hundreds digit of 169647517?
5
What is the hundreds digit of 2166706910?
9
What is the units digit of 1509369842?
2
What is the thousands digit of 330955045?
5
What is the thousands digit of 223927659?
7
What is the units digit of 3282588641?
1
What is the ten millions digit of 43228181?
4
What is the hundreds digit of 513286167?
1
What is the units digit of 1001842464?
4
What is the tens digit of 76633808?
0
What is the tens digit of 247769963?
6
What is the hundreds digit of 177544349?
3
What is the thousands digit of 61927447?
7
What is the hundred millions digit of 1315842586?
3
What is the units digit of 356013742?
2
What is the ten millions digit of 4300215965?
0
What is the tens digit of 73068599?
9
What is the hundred millions digit of 2064542648?
0
What is the hundred thousands digit of 5110013725?
0
What is the thousands digit of 56762035?
2
What is the tens digit of 1400937341?
4
What is the hundreds digit of 36127759?
7
What is the thousands digit of 654123649?
3
What is the units digit of 7751247?
7
What is the millions digit of 160358299?
0
What is the hundred millions digit of 2352272498?
3
What is the thousands digit of 1517645380?
5
What is the tens digit of 395743?
4
What is the hundreds digit of 7230710305?
3
What is the ten thousands digit of 8216387?
1
What is the tens digit of 113639589?
8
What is the millions digit of 34291994?
4
What is the thousands digit of 137194611?
4
What is the hundred thousands digit of 158190123?
1
What is the ten thousands digit of 3486039844?
3
What is the millions digit of 90785320?
0
What is the hundred millions digit of 121263954?
1
What is the thousands digit of 62833147?
3
What is the ten thousands digit of 31204081?
0
What is the hundreds digit of 32352605?
6
What is the hundred thousands digit of 186628091?
6
What is the hundred thousands digit of 55826728?
8
What is the units digit of 56752214?
4
What is the ten millions digit of 59656410?
5
What is the ten millions digit of 86751057?
8
What is the hundreds d